reatest common divisor of x and 55.
5
Let c = 2257 - 1347. Calculate the highest common divisor of 390 and c.
130
Suppose -9*c + 168 + 237 = 0. Suppose 7 + 1 = 4*v. Suppose 18 = 4*g - v. What is the greatest common divisor of c and g?
5
Suppose 4*w + 2 = 18. Suppose 4*r + r = 0. Suppose 2 - 22 = 4*l, s + w*l - 4 = r. What is the greatest common divisor of 264 and s?
24
Let v(x) = -x**3 + x**2 - x. Let s be v(0). Suppose 0 = -9*n - s*n + 720. What is the highest common divisor of n and 16?
16
Let f(v) = v**2 + 34*v + 1. Let l be f(-34). Let o(i) = i**2 - i + 3. Let j = 11 + -8. Let x be o(j). What is the highest common factor of x and l?
1
Suppose -g = -5*z - 66, -5*z + 32 = 2*g - 70. Suppose -7*k + g = -6*k. What is the highest common divisor of 14 and k?
14
Let d be (-2 + (-9)/(-6))/((-2)/16). Suppose -3 = -4*b + 3*b, 4*b = -d*t + 60. Calculate the highest common factor of 12 and t.
12
Let n be -3 - (-49 + 3 + 1). What is the highest common factor of 210 and n?
42
Suppose -3 - 1 = -c. Let y(z) = -2*z**3 + 0*z**3 - 3*z**2 + c*z + z**3. Let w be y(-5). What is the highest common factor of 6 and w?
6
Suppose z + 0*z = w - 4, w = 4*z - 11. Let l = -10 + w. Let q be (-6 + 4)/(l/8). Calculate the highest common divisor of 144 and q.
16
Let f = 37 + 16. Suppose h = f - 13. What is the highest common divisor of h and 100?
20
Let m be (-9 - -10)*(-1 + 42). Suppose -4*n + m = 9. Suppose 70 = o - 3*f, -f = -o - 0*o + 66. Calculate the highest common divisor of n and o.
8
Let d(n) = n + 27. Suppose 3*b + 5*x = b + 22, b - 5*x = -4. Let c be d(b). Calculate the greatest common factor of 66 and c.
33
Let h(r) = r**3 + 25*r**2 + 81*r - 9. Let v be h(-21). What is the greatest common factor of v and 42?
6
Let j = 27 + -16. Suppose -66*r + 71*r - 55 = 0. What is the greatest common divisor of r and j?
11
Let f = -608 + 783. What is the highest common divisor of 150 and f?
25
Suppose -3*y + 0*y + 216 = 0. Suppose 0 = -b - b + y. What is the greatest common divisor of 90 and b?
18
Let d be 1*(9 - -2)*2. Let q(v) = -2*v - 4. Let w be q(-6). Suppose w*x - 110 = 3*x. Calculate the highest common factor of d and x.
22
Let t(h) = -94*h - 97. Let f be t(-7). What is the highest common divisor of f and 51?
51
Let h be 4 - (-4 - -9 - 2). Let z be (-2 + h)*1*-14. Calculate the highest common factor of z and 56.
14
Let w be -3 + (2 - 0 - -3). Suppose 0 = w*l - 4. Suppose l*u + 2*u - 3*z = 92, -3*u = z - 56. What is the greatest common divisor of 4 and u?
4
Let o(a) = 18*a + 1. Let c be o(2). Let t be c/(-5 - -3 - -1). Let l = t + 70. Calculate the greatest common divisor of l and 3.
3
Let q be 11/(-33) + (-64)/6. Let t = 25 + q. Calculate the highest common divisor of 35 and t.
7
Suppose -67 + 335 = 2*c. What is the greatest common factor of 67 and c?
67
Let w = 564 - 299. Calculate the greatest common divisor of w and 212.
53
Let w(o) = o**3 + 38*o**2 - 40*o - 80. Let v be w(-38). Calculate the highest common factor of 45 and v.
45
Let o(y) = y**3 - 3*y**2 - 2*y + 4. Let c be o(3). Let a be (-3)/(6/4)*c. Suppose a*f - 40 = 16. What is the highest common divisor of 14 and f?
14
Let x be (-3420)/(-8)*(7 + (-7 - -2)). Calculate the greatest common factor of x and 19.
19
Suppose 846*b - 836*b = 100. What is the greatest common factor of 205 and b?
5
Let d(a) = a + 1. Let j(h) = -7*h - 6. Let y(i) = 2*d(i) + j(i). Let u be y(-5). What is the highest common divisor of 84 and u?
21
Suppose -3*j = -4*p - 6 + 1, 3*j = -3*p + 12. Let h = p - -3. Let u = -81 - -109. What is the highest common divisor of h and u?
4
Let g be (-8)/(-3)*25*(-456)/(-32). Calculate the greatest common divisor of 76 and g.
38
Let u(m) = 13 - m + 0*m - 6. Let n be u(4). Suppose t - 6 = -s, -3*t + 1 = -2*s - 2. What is the highest common factor of s and n?
3
Let t(c) = -300*c - 560. Let d be t(-2). Let j(h) = h**3 + 7*h**2 + 2*h - 8. Let r be j(-6). Calculate the highest common factor of d and r.
8
Let w(j) = -3*j**2 - 38*j + 5. Let h be w(-12). Calculate the greatest common divisor of 1 and h.
1
Suppose -3*q = -8*q + 450. Suppose -5*u + u = v - 36, u - v - 14 = 0. What is the greatest common factor of u and q?
10
Suppose -18*g + 20*g = 18. What is the greatest common divisor of 243 and g?
9
Let b(y) = y + 15. Let d be b(-7). Let x be (-9)/(-12) + 2/d. Let l = -4 + 8. Calculate the greatest common divisor of l and x.
1
Let a = -415 + 419. Calculate the greatest common divisor of 16 and a.
4
Suppose -4*r + 12 = -319*t + 321*t, 4*t = 3*r - 31. Let u(a) = -a**3 + a + 15. Let w be u(0). Calculate the greatest common divisor of r and w.
5
Let h = 631 - 421. What is the highest common factor of 42 and h?
42
Let h = -197 + 225. Calculate the greatest common divisor of 476 and h.
28
Let h be (-1008)/(-54) + (-6)/9. Let p be (-22)/(-4) - (-2)/(-4). Suppose 54 = -2*u + p*u. What is the greatest common factor of h and u?
18
Let p be (5/1)/(6/(-12)). Let j(r) = r + 14. Let b be j(p). Calculate the highest common factor of b and 32.
4
Let t = 5 + 12. Let q = -101 - -257. Let p = 292 - q. Calculate the greatest common factor of p and t.
17
Suppose -26 = -2*g + 20*l - 23*l, 0 = -3*g - 2*l + 34. What is the greatest common divisor of 230 and g?
10
Let i(m) = m**2 + 9*m + 9. Let o be i(-8). Let f be 17 + -20 - (-232 + o). What is the greatest common divisor of f and 38?
38
Let m(j) = -2*j**2 - 52*j + 87. Let p be m(-27). What is the greatest common divisor of 99 and p?
33
Suppose 4*b - 5*m = 80, 5*b - 101 = 2*m + 16. Suppose 5*u + 2*c = 240, -4*c - 270 = -u - 4*u. What is the greatest common divisor of u and b?
25
Suppose -7*u - 5 = -4*u - 4*j, 4*u = 4*j - 4. Let v be 50/275 - 1/(-11)*53. Calculate the highest common divisor of v and u.
1
Let r(i) = -i**2 - 12*i - 7. Let k be r(-10). Suppose -5*s + 55 = 4*z - 2*z, 2*z = 2*s - 36. Calculate the greatest common factor of s and k.
13
Let z be -1*(-123 + -7)/5. Calculate the highest common factor of z and 91.
13
Let a(m) = -108*m - 20. Let p be a(-5). Suppose 620 = 5*w - p. What is the greatest common factor of w and 12?
12
Let v(k) = -10*k + 116. Let o be v(10). Calculate the greatest common factor of o and 168.
8
Let t be -1 - (0 + 2 + (-15)/5). Suppose 5*q = 5*y - 140, 2*y - 3*q + t*q = 53. What is the greatest common factor of 31 and y?
31
Suppose -44*a + 1127 = -1117. What is the highest common divisor of a and 408?
51
Let q(u) = u**2 + 7*u + 2. Let y be q(-7). Let c be (7/y + -4)*0. Suppose j + 3 = 0, c*p - 5*p + 56 = -2*j. What is the highest common divisor of p and 4?
2
Suppose 0 = -4*g - 2*h + 98, -2*h + 48 = 3*g - 23. Suppose 4*t - 21 - g = 0. Calculate the highest common divisor of t and 3.
3
Suppose 3*l + 3*q = 1317, 3*l - l - 3*q = 888. Calculate the highest common divisor of l and 42.
21
Let f(y) = -3*y + 26. Let s be f(5). Suppose -s*l + 229 = -112. Calculate the greatest common factor of 279 and l.
31
Suppose -3*j + 17 = -16. Suppose -8*q = -j*q + 180. What is the highest common divisor of q and 20?
20
Let x = -10 + -4. Let i = -24 - x. Let l = i - -14. Calculate the greatest common divisor of l and 36.
4
Suppose i = -4*k + 67, -3*k + 74 = -3*i - i. Let b be (-15)/((-215)/(-30) + -8). Calculate the highest common divisor of b and k.
18
Suppose 2*m = -4*k + 120, 9*m = 10*m - 4*k - 66. What is the highest common factor of 558 and m?
62
Let n be (-6)/(-18) + 1544/3. Calculate the highest common divisor of 5 and n.
5
Let x be (-30)/(-390) + (-7734)/(-13). Calculate the greatest common divisor of x and 119.
119
Let k(p) = -5*p**3 - 3*p**2 - 2*p - 4. Let m be k(-2). Let h be m/21 + 1/((-3)/(-194)). Let r be -2 - (-3)/(6/16). What is the highest common factor of h and r?
6
Let t(h) = -4*h + 22. Let r be t(5). Suppose 0 = 3*m - r*m - 99. What is the greatest common divisor of m and 9?
9
Let z(p) be the second derivative of -p**4/12 + p**3 + 9*p**2/2 + p. Let d be z(7). Let b = -16 - -26. What is the highest common factor of d and b?
2
Suppose 0 = 2*g - g - 5*j - 59, -4*g + 2*j = -218. Let h be 2/5 - (-5947)/95. Let u = 69 - h. What is the greatest common divisor of u and g?
6
Let l be (2 - (-8)/(-6))*24. Let u be (l/12 + 0)*6. Suppose 3 = -u*g + 9*g. What is the greatest common divisor of g and 33?
3
Let q = 5 + -7. Let i be q/(-6)*39*9. What is the greatest commo